= -d**3 - 6*d**2 - 5*d. Let z be i(r). Suppose 0 = -4*c - 4*o + 28, -2*o - 7 = -c - z*c. What are the prime factors of c?
7
Suppose 0 = -5*c - a + 139, a + a - 35 = -c. List the prime factors of c.
3
Let o be 2 - (1 + (-2 - -3)). Suppose -h - 5*t - 12 = 0, -5*h + o*t = t - 36. Let d = 9 + h. List the prime factors of d.
17
Let r be 24/15 - (-2)/5. Suppose -3*a = -5*y + 41, 2*y + 4*a + 0 = 6. What are the prime factors of y/6*r*6?
2, 7
Suppose 0 = -0*d + 2*d. Suppose d = -4*l + 8. Suppose -2*w - 4*c = 0, l*w - 4*c - 8 = -0. List the prime factors of w.
2
Suppose -7*h + 1083 + 387 = 0. What are the prime factors of h?
2, 3, 5, 7
What are the prime factors of -8*(-5)/10 + 186?
2, 5, 19
Let u = -112 + 234. List the prime factors of u.
2, 61
What are the prime factors of (-4)/(-20) - (-188)/10?
19
Let b(w) = -w**3 + 11*w**2 - w + 14. List the prime factors of b(11).
3
Let g(i) = -i**2 + 11*i - 7. Let p be g(6). Suppose -c + 11 + p = 0. Suppose 4 = -3*r + c. What are the prime factors of r?
2, 5
Let i be (-1)/2 - 3/(-6). Suppose -s + 10 = 4*s, -4*q + 4*s + 24 = i. List the prime factors of q.
2
Suppose -3*v + 0*v = 9. Let x = 3 + v. What are the prime factors of -1 - (-9 + (1 - x))?
7
Let z(p) = p**2 + p. Let c be z(-2). Suppose 0 = c*o - o - 5. Suppose -l - 16 = -2*a, 3*l + 2*l + 45 = o*a. What are the prime factors of a?
7
Suppose -97 = -4*s + 103. What are the prime factors of s?
2, 5
Suppose 4*y = 2*z - 24, -3*z + 6 + 2 = y. Let u be y/(-3)*(-6)/(-4). Suppose 3*v - 2*v - u = 0. What are the prime factors of v?
2
Suppose 855 = 5*p - 5*z + 9*z, 0 = 4*p + 5*z - 675. What are the prime factors of p?
5, 7
Let o = -40 - -23. Let j = 27 + o. Suppose z - j = t, 5*z - t = 2*z + 26. List the prime factors of z.
2
What are the prime factors of 8/(-24) + (-43)/(-3)?
2, 7
Suppose -y = -5 + 3. Suppose -y*p + 10 = -3*k + k, 5*p - 4*k - 24 = 0. Suppose 0 = 4*j - p*s - 28, -2*j - 2*s - s = 6. List the prime factors of j.
3
Suppose 0 = -z + 10 + 1. Let p = 22 - z. List the prime factors of p.
11
Let d(a) = 156*a**2 + 6*a - 7. List the prime factors of d(1).
5, 31
Suppose 96 = 5*n + 21. What are the prime factors of (-2 - 56/(-20))*n?
2, 3
Let m(v) = v**2 - v + 14. Suppose -2*a + 3 = -4*n - 3*a, -5*a - 15 = -4*n. List the prime factors of m(n).
2, 7
Suppose 2*o = -2*o. Suppose 0 = -o*m - m + 17. List the prime factors of m.
17
Let l(y) = 2 + 3*y**2 + 2*y**2 - y**2 - y - 5*y**2. Let r be l(0). Suppose -v + 18 = r*v. What are the prime factors of v?
2, 3
Let b be 3/(1268/(-320) + 4). List the prime factors of 60/(-50)*b/(-6).
2
Suppose 13*r + 20 = 9*r. Let l(f) = -f**3 - 3*f**2 + 6*f - 7. List the prime factors of l(r).
13
Let u(j) = -5*j**3 + j**2 + 3*j + 6. List the prime factors of u(-3).
3, 47
Let c(l) = 24*l - 10. What are the prime factors of c(2)?
2, 19
Let i(t) = -t**2 + 5*t - 3. Let z be i(3). Let s be (10/z)/(2/3). Let u(v) = v**2 - 3*v - 5. What are the prime factors of u(s)?
5
Suppose 2*t + t - 9 = 0. Let s = t + 6. What are the prime factors of s?
3
Suppose -h + 34 = h + 4*a, -5*a = 4*h - 62. List the prime factors of (-2)/8 - h/(-4).
3
Let n = 26 - -16. What are the prime factors of n?
2, 3, 7
Let d(n) = 4*n**3 - n**2 + n - 1. Let o be d(1). Suppose 18 = o*u - 114. Suppose 0 = -4*x + u - 4. List the prime factors of x.
2, 5
Let s(d) = d**3 + 7*d**2 + 5*d - 2. Let j be s(-6). Let o = j - 1. Suppose 0 = 5*x + 20, 0 = o*f + 4*x - 0*x - 2. What are the prime factors of f?
2, 3
Suppose -2 = 3*t - p - 0, -t - 4*p = 18. Let w = -6 - t. List the prime factors of (w/6)/(6/(-18)).
2
Let g(l) = -l**2 - 8*l + 1. Let h be g(-6). What are the prime factors of 1 + h - -1*2?
2
List the prime factors of (-2)/(-6) + (-242)/(-3).
3
Let f(s) = -s**3 + 9*s**2 - 7*s - 6. Let n be f(8). Suppose r + 3 = 2*r, 14 = 4*h + n*r. Suppose 0*x = -h*x + 24. List the prime factors of x.
2, 3
Let q(m) = m - 4. Let d be q(6). Suppose -r = d*r - 45. List the prime factors of r.
3, 5
Suppose -b + 96 = -55. Suppose 0 = -4*a + b + 57. Suppose -q = 3*q - a. List the prime factors of q.
13
Let h = -7 - -10. Suppose z - 7 = h. What are the prime factors of z?
2, 5
Suppose 8*t = 3*t + 5. Suppose -4*a = -4*y + 20, -2*y = -5*a - 14 + t. List the prime factors of 1 + 3 + a + -1.
2
Let i = 17 - 21. List the prime factors of 6*(34/4 + i).
3
Let b be (-70)/(-21) - 2/(-3). List the prime factors of 2/b*(-6 - -80).
37
Suppose -n - 4*n - 75 = 0. Let g = 15 - n. Suppose 4*w - g - 38 = 0. What are the prime factors of w?
17
Let k(m) = -54*m**3 - m**2 - 2*m - 1. List the prime factors of k(-1).
2, 3
Let p be (2*-1 - -4) + 20. Let f be p/(-8) - (-3)/(-12). Let o(d) = -d**3 - 3*d**2 - 2*d - 2. What are the prime factors of o(f)?
2
Let h be (6/4)/(3/(-20)). Let z be (-244)/(-12) + 2/3. Let f = z + h. What are the prime factors of f?
11
Suppose 3*k - 8 = 2*u + 7*k, -u = 5*k + 10. Let r = u + 5. Suppose -4*x = -r*p + 90, p = 2*p + x - 9. What are the prime factors of p?
2, 7
Let c = -8 + 12. Suppose 0*t + 2*t + 5*a - 23 = 0, t + 8 = c*a. What are the prime factors of t?
2
Suppose 2*g + 18 + 2 = 0. Let m be g/35 - (-177)/7. Suppose 15 = 3*r + 2*d, 0*r - 5*r = -5*d - m. What are the prime factors of r?
5
Let v be (-85)/10 - (-2)/4. Let g(m) = 4*m**2 + 12*m - 5. Let r(k) = 9*k**2 + 25*k - 10. Let c(b) = -7*g(b) + 3*r(b). List the prime factors of c(v).
13
Suppose -v - 4*k - 28 = 0, -v = -k - k + 40. Let n = v - -57. What are the prime factors of n?
3, 7
Suppose -25 = 5*i, -i - 29 = -p + 4*i. Suppose 18 = -3*n + p*n. List the prime factors of n.
2, 3
Let y(i) = -2*i**3 - 2*i**2 + 3*i + 3. Let r be y(-2). Suppose -h = 4*j - 40, j + 0*h = -r*h + 29. Suppose k = 1, -2 = z + 4*k - j. List the prime factors of z.
3
Let b(l) = 62*l**2 - 2*l - 1. Let s be b(-1). Suppose -s = -3*o - 0*o. List the prime factors of o.
3, 7
Let v be (-10)/(-6) - 3/(-9). Suppose 0 = 2*m - v*k, -2*k = 4*m - 0*k - 24. Suppose -65 = -m*p - 3*l + 21, -p - 5*l = -30. What are the prime factors of p?
2, 5
What are the prime factors of 5 + -2 - (-1)/((-1)/(-220))?
223
Let l = -25 + 44. List the prime factors of l.
19
Suppose 2*b = -2*b + 5*i + 179, 2*b - 97 = i. What are the prime factors of b?
3, 17
What are the prime factors of ((-2)/(-3))/((-20)/(-4830))?
7, 23
Let m = 311 - 157. What are the prime factors of m?
2, 7, 11
Suppose -3*t = 2*t - 6*t. Let b be 2/(-8) + (-51)/(-12). Let l = b - t. List the prime factors of l.
2
Let q = 13 + 31. Let p = q - 13. What are the prime factors of p?
31
Suppose -1 = -l - 34. Let d = l + 60. List the prime factors of d.
3
Let f = 8 - 2. Let v = f + -4. What are the prime factors of v?
2
Let d(y) = -6*y - 14. Let c(z) = -7*z - 13. Let t(w) = -3*c(w) + 4*d(w). List the prime factors of t(-7).
2
Let c = 6 - 5. Let r(j) = 0 - 4*j - 7 - c - 1. What are the prime factors of r(-6)?
3, 5
Let t be (-12)/(-9) - (-1882)/6. Suppose -5*f = 2*f - t. List the prime factors of f.
3, 5
Let d = 16 + -11. Suppose 2*g + 104 = d*g - 4*c, c + 130 = 4*g. List the prime factors of g.
2
Let u(i) = 27*i + 3. Let r be u(4). Suppose 8*a = 5*a + r. What are the prime factors of a?
37
Let a = -10 - -47. Let l = 3 + a. Let j = l + -28. What are the prime factors of j?
2, 3
Suppose 4*z - 3*z - 8 = s, -z - 1 = 2*s. Suppose -n - z*n + 276 = 0. List the prime factors of n.
2, 23
Let t = 65 + -40. List the prime factors of t.
5
Suppose 5*w - 5 = 5. List the prime factors of w + (-3 - (0 - 8)).
7
Suppose -a - 3*h + 6 = 0, 4*h - 10 = -3*a - h. Let i = a + 11. List the prime factors of i.
11
Suppose 4*y + 2*y + 18 = 0. What are the prime factors of 52 + (4 - 2) + y?
3, 17
Let u(i) = i + 6. Suppose 0 = 5*q - 0*q - 150. Suppose -5*c = 2*l - 35, 4*l - 2*c = -4*c + q. What are the prime factors of u(l)?
11
Suppose 185 = -4*m - 5*x, -x - 136 = 3*m - 0*x. Let y = -26 - m. Suppose -y = -3*h + 26. List the prime factors of h.
3, 5
Suppose -7*a = -974 + 197. List the prime factors of a.
3, 37
Suppose 4*m - m = 48. List the prime factors of m.
2
Let d be 240/9 + (-2)/3. Suppose 3*c - t = d, 3*c + 2*c = -5*t + 10. List the prime factors of c.
7
Let w(d) = -19*d + 1. Let z be w(-2). Suppose z = 3*y + 6. What are the prime factors of y?
11
Suppose -3*v + 2 = -4. Let u be 0/(3 - 4) - v. List the prime factors of 1/(0 - u/24).
2, 3
Let h(n) = -4*n - 5. List the